{"id":531529,"date":"2025-06-23T05:17:32","date_gmt":"2025-06-23T03:17:32","guid":{"rendered":"https:\/\/interiorposter.com\/product\/zlota-jesien-nad-lesnym-stawem-obraz-na-plotnie\/"},"modified":"2026-09-03T01:52:04","modified_gmt":"2026-09-02T23:52:04","slug":"zlota-jesien-nad-lesnym-stawem-obraz-na-plotnie","status":"publish","type":"product","link":"https:\/\/interiorposter.com\/cs\/product\/zlota-jesien-nad-lesnym-stawem-obraz-na-plotnie\/","title":{"rendered":"Zlat\u00fd podzim u lesn\u00edho jez\u00edrka. Obraz na pl\u00e1tn\u011b"},"content":{"rendered":"<p>Sv\u011btl\u00fd obraz na pl\u00e1tn\u011b zachycuje klidn\u00e9 lesn\u00ed jez\u00edrko obklopen\u00e9 stromy ve zlatav\u00fdch podzimn\u00edch barv\u00e1ch. Intenzivn\u00ed odst\u00edny \u017elut\u00e9, zlat\u00e9, zelen\u00e9 a hn\u011bd\u00e9 vytv\u00e1\u0159ej\u00ed h\u0159ejivou, v\u00edcebarevnou kompozici, zat\u00edmco jemn\u00e9 odrazy na vodn\u00ed hladin\u011b dod\u00e1vaj\u00ed sc\u00e9n\u011b hloubku a harmonii. Mal\u00ed\u0159sk\u00fd charakter krajiny vn\u00e1\u0161\u00ed do interi\u00e9ru atmosf\u00e9ru klidu, p\u0159\u00edrody a odpo\u010dinku. Tento p\u016fsobiv\u00fd obraz na st\u011bnu kr\u00e1sn\u011b dopln\u00ed ob\u00fdvac\u00ed pokoj, lo\u017enici, p\u0159eds\u00ed\u0148, kancel\u00e1\u0159, hotel nebo restauraci. V\u00fdjime\u010dn\u00e1 dekorace pro milovn\u00edky p\u0159\u00edrody a podzimn\u00edch krajin.<\/p>\n","protected":false},"excerpt":{"rendered":"<p>Zlatav\u00fd podzimn\u00ed les u klidn\u00e9ho jez\u00edrka. Atmosf\u00e9rick\u00fd obraz na pl\u00e1tn\u011b do ob\u00fdvac\u00edho pokoje, lo\u017enice, kancel\u00e1\u0159e i p\u0159eds\u00edn\u011b.<\/p>\n","protected":false},"featured_media":531526,"comment_status":"open","ping_status":"closed","template":"","meta":[],"product_brand":[],"product_cat":[74,86,135,68,297,83,71,89],"product_tag":[702,1304,186],"class_list":{"0":"post-531529","1":"product","2":"type-product","3":"status-publish","4":"has-post-thumbnail","6":"product_cat-hotel-cs","7":"product_cat-kancelar","8":"product_cat-krajiny","9":"product_cat-loznice","10":"product_cat-malirsky","11":"product_cat-obyvaci-pokoj","12":"product_cat-predsin","13":"product_cat-restaurace","14":"product_tag-horizontalni","15":"product_tag-strom","16":"product_tag-vicebarevny","18":"first","19":"instock","20":"taxable","21":"shipping-taxable","22":"purchasable","23":"product-type-variable","24":"has-default-attributes"},"aioseo_notices":[],"_links":{"self":[{"href":"https:\/\/interiorposter.com\/cs\/wp-json\/wp\/v2\/product\/531529","targetHints":{"allow":["GET"]}}],"collection":[{"href":"https:\/\/interiorposter.com\/cs\/wp-json\/wp\/v2\/product"}],"about":[{"href":"https:\/\/interiorposter.com\/cs\/wp-json\/wp\/v2\/types\/product"}],"replies":[{"embeddable":true,"href":"https:\/\/interiorposter.com\/cs\/wp-json\/wp\/v2\/comments?post=531529"}],"wp:featuredmedia":[{"embeddable":true,"href":"https:\/\/interiorposter.com\/cs\/wp-json\/wp\/v2\/media\/531526"}],"wp:attachment":[{"href":"https:\/\/interiorposter.com\/cs\/wp-json\/wp\/v2\/media?parent=531529"}],"wp:term":[{"taxonomy":"product_brand","embeddable":true,"href":"https:\/\/interiorposter.com\/cs\/wp-json\/wp\/v2\/product_brand?post=531529"},{"taxonomy":"product_cat","embeddable":true,"href":"https:\/\/interiorposter.com\/cs\/wp-json\/wp\/v2\/product_cat?post=531529"},{"taxonomy":"product_tag","embeddable":true,"href":"https:\/\/interiorposter.com\/cs\/wp-json\/wp\/v2\/product_tag?post=531529"}],"curies":[{"name":"wp","href":"https:\/\/api.w.org\/{rel}","templated":true}]}}

Zlatý podzim u lesního jezírka. Obraz na plátně

<p>Světlý obraz na plátně zachycuje klidné lesní jezírko obklopené stromy ve zlatavých podzimních barvách. Intenzivní odstíny žluté, zlaté, zelené a hnědé vytvářejí hřejivou, vícebarevnou kompozici, zatímco jemné odrazy na vodní hladině dodávají scéně hloubku a harmonii. Malířský charakter krajiny vnáší do interiéru atmosféru klidu, přírody a odpočinku. Tento působivý obraz na stěnu krásně doplní obývací pokoj, ložnici, předsíň, kancelář, hotel nebo restauraci. Výjimečná dekorace pro milovníky přírody a podzimních krajin.</p>

<p>Zlatavý podzimní les u klidného jezírka. Atmosférický obraz na plátně do obývacího pokoje, ložnice, kanceláře i předsíně.</p>
